 = 12*o - 21. Let g be p(9). Calculate the greatest common divisor of g and 58.
29
Let d be (-1 + 0)*15/(-3). Suppose 0 = -i - 5*m + 72, 4*i - d*m - 311 = -2*m. What is the highest common divisor of i and 11?
11
Suppose 0 = -3*q + 2*q + y - 2, -4*y + 23 = q. Let m(j) = 6*j**2 - 2*j. Let x be m(q). Calculate the highest common factor of x and 12.
12
Let g be (-7)/(-14) - (-149)/2. Calculate the greatest common divisor of g and 15.
15
Let x(l) = 0*l**3 - 3*l - 8*l**3 + 2*l + 0*l**3. Let o be x(-1). Calculate the greatest common factor of o and 27.
9
Suppose 0*c - 13 = -c + 3*n, 4*n = -3*c + 52. Calculate the highest common divisor of c and 48.
16
Let c be 6/9*(5 + -2) - -262. What is the greatest common divisor of 33 and c?
33
Let i(h) = -4*h + 4. Let p be i(-2). Suppose -m = -4*m + 180. Calculate the highest common factor of p and m.
12
Suppose 21 - 1 = 2*j + 2*v, 0 = -2*j + 2*v + 32. Calculate the greatest common divisor of 91 and j.
13
Let n be 904/6 - (-12)/(-18). Suppose -n + 25 = -5*b. Suppose y + 2*s - 5 = 3, s = -2*y + 19. Calculate the greatest common divisor of y and b.
5
Let m(w) = -6*w + 3. Let j be m(-7). Suppose y - j = -5*u, -2*u + 2*y + 9 = 3. Calculate the highest common divisor of u and 88.
8
Suppose -5*l - 11 = 2*u + 31, 0 = -5*l - 4*u - 34. Let a be (-1804)/l - 2/5. Suppose -4*c + 60 = -c. Calculate the highest common divisor of c and a.
20
Suppose -3*y + 12 = 3. Suppose l = 3*r - 84, -y*r + 0*r + 84 = -4*l. What is the highest common factor of 7 and r?
7
Let g be (-2 - -9) + (0 - 2). Suppose z = g*q + 41, 3*z - 68 = q + 3*q. What is the highest common divisor of z and 112?
16
Let t be (-8)/20*60/(-6). Calculate the highest common divisor of 32 and t.
4
Suppose 3*o - 44 = 3*u - 2*u, 5*o - u = 76. Let k(x) = 3*x**2 - x + 2. Let q be k(-3). Calculate the highest common factor of q and o.
16
Let g(n) = -n**3 - 10*n**2 - n + 8. Let x be g(-10). What is the highest common divisor of 72 and x?
18
Let d(w) = w**2 - 15*w + 2. Let j be d(13). Let i be j/(-16)*52/3. Calculate the highest common factor of i and 13.
13
Suppose 4*l - 226 = 2*f, f = 2*l - 4*l + 107. Let z = 70 + -48. What is the highest common factor of z and l?
11
Let q be 91/21 - 1/3. Let r be (6/q)/(6/64). Suppose -3*t = -t - 16. Calculate the highest common factor of r and t.
8
Let v be (9/(-4))/3*-4. Suppose v = -f + 18. Calculate the greatest common divisor of f and 75.
15
Let u be (6/(-4))/((-6)/60). Let j(f) = -f**3 - 8*f**2 - 6*f + 5. Let t be j(-7). Let h be 3 + (0 - t) - 0. Calculate the highest common divisor of h and u.
5
Let x = 5 - -19. Let t be 534/15 - 4/(-10). What is the greatest common divisor of t and x?
12
Suppose 4*s - 5*s = 3*z - 315, 0 = -2*z - 2*s + 214. What is the greatest common divisor of z and 13?
13
Let k(l) = -4*l - 3. Let h be k(-4). Suppose 2*t - 4*v + 2 + 24 = 0, t - 4*v + 17 = 0. Let c = t + h. Calculate the greatest common divisor of 4 and c.
4
Let l(q) = -8*q + 6. Let v be l(7). Let m = 126 - v. Calculate the highest common divisor of m and 22.
22
Let t = 39 + -14. Suppose -c + 0*c = -t. What is the greatest common divisor of 5 and c?
5
Let q = 50 + -14. What is the highest common factor of 4 and q?
4
Let d be (56 - 0) + (-6)/6. What is the greatest common divisor of 11 and d?
11
Let x(b) = -39*b + 29. Let d be x(-5). Let p(l) = l**3 - 3*l**2 - 4*l - 2. Let w be p(5). What is the highest common divisor of w and d?
28
Suppose -o = -5*o + f + 17, -5*o + 40 = 5*f. Suppose -r + 15 = 2*r, o*x + 2*r - 40 = 0. What is the greatest common divisor of 12 and x?
6
Let r(f) = 6*f - 33. Let u be r(9). Let c be 7*(1 + 10 - 2). Calculate the greatest common factor of c and u.
21
Suppose -3*m - 3*q = -4*m + 9, 5*q - 1 = -m. Let b(t) = t**3 - 2*t**2 - 8. Let o be b(m). Suppose 0*c + 51 = 3*c. What is the greatest common factor of c and o?
17
Suppose -9*l = -22 - 59. Let d(s) = -6 + 4*s - 2*s**2 + 4*s**2 - 1. Let t be d(5). Calculate the greatest common factor of t and l.
9
Suppose -m - 4*n - 1 = 5, 0 = 4*n + 20. What is the highest common divisor of m and 7?
7
Suppose -2*p + 86 = u, 82 = 2*p - 2*u + 4*u. Calculate the highest common divisor of p and 45.
45
Suppose 3*t = 4*t - 68. What is the highest common divisor of 17 and t?
17
Let m = 32 + -31. Calculate the highest common factor of m and 5.
1
Let b = -10 - -20. What is the highest common divisor of 10 and b?
10
Let y(b) = -2*b**3 - 38*b**2 - 2*b - 20. Let w be y(-19). Calculate the highest common factor of 4 and w.
2
Suppose 3*v - 324 = -6*v. What is the highest common factor of v and 24?
12
Suppose -28 = -4*i + 2*i. Calculate the greatest common factor of i and 56.
14
Let p(t) = t**3 + t + 1. Let d be p(2). What is the highest common divisor of d and 11?
11
Suppose 19 = 2*c - c - 3*r, 3*c = 4*r + 32. Suppose -4*z - 13 = -c*i + 147, 0 = -i - 4*z + 60. Calculate the highest common divisor of i and 11.
11
Let r be 4/(-8)*(-3 + 3). Suppose -4*f + 815 + 29 = 4*s, r = -2*s - 10. What is the greatest common factor of f and 24?
24
Let x be (186/14 - -1) + 6/(-21). Calculate the greatest common divisor of 98 and x.
14
Let a be (-3 + 2)*(-22)/1. Suppose a = 4*h - 26. Let r be (8/(-3))/((-2)/9). What is the highest common divisor of r and h?
12
Suppose -5*j + 665 = -2*s, 3*j - 2*j - 155 = -4*s. Calculate the highest common divisor of j and 15.
15
Let s(u) = -12*u + 3. Let h be s(-6). Let r be h/9 + 1/(-3). Let d be 122/r - 2/8. Calculate the greatest common factor of 60 and d.
15
Let n(y) = -y**3 + 2*y**2 + 3*y - 3. Let i be n(2). Suppose i*h - 260 = -h. What is the highest common factor of h and 13?
13
Suppose 4*a + 4*i + 1 = -3, -i - 7 = -a. Suppose -3*y + 4*f + 9 + 11 = 0, 5*y - 37 = a*f. Calculate the highest common factor of 64 and y.
8
Let m(y) = y**3 + 8*y**2 + 2. Let r be m(-8). Suppose -r*i = -2*g + 36, -3*i - 74 = -5*g - 2*i. Calculate the highest common divisor of g and 35.
7
Suppose 5*x + 200 = 5*b, -2*x - 5 = 2*b - 93. Suppose -2*z + z - 4*w = -b, 2*w = 10. Calculate the highest common divisor of z and 176.
22
Let z be (2 - 7)*72/(-10). Suppose 4*v - z = 12. Calculate the highest common divisor of 6 and v.
6
Let k = 21 - 12. Let i = k - 5. Calculate the greatest common factor of i and 40.
4
Let q(j) = 3*j**2 - 1. Let i be q(2). Let l(m) = 4*m - 31. Let w be l(8). What is the highest common factor of i and w?
1
Suppose -443 = -4*c - 3. What is the highest common divisor of 10 and c?
10
Let y(f) = -32*f**3 - 2*f - 1. Suppose 0 = 3*v + 2*v. Let c(s) = -s**2 + s - 1. Let k be c(v). Let d be y(k). Calculate the highest common divisor of 22 and d.
11
Suppose 5*r + 36 - 126 = 0. Calculate the highest common factor of 27 and r.
9
Let f = -2 + 15. Suppose -3*g = -g - 38. Let n = g - f. Calculate the greatest common divisor of n and 12.
6
Let w be (-6)/(-8) - (-202)/8. Calculate the highest common divisor of 13 and w.
13
Let q be (-21)/(-210)*(-1 + -5)*-55. What is the greatest common divisor of q and 99?
33
Let w = -28 - -45. Calculate the greatest common divisor of w and 51.
17
Let u be (1 + (-12)/9)/(8/(-1176)). Calculate the highest common factor of 14 and u.
7
Suppose 2*i - 6 = -2*a + 4, 0 = -5*i + 20. Let l be 9/(-6)*16/2. Let m = a - l. What is the greatest common divisor of 104 and m?
13
Let r = -294 - -591. What is the greatest common factor of r and 27?
27
Let x be ((-17)/2)/(1/(-8)). Suppose 0 - 4 = -2*f. Suppose -3*z = -u + f*z + 37, 4*u = -3*z + 56. Calculate the greatest common factor of u and x.
17
Let r(f) be the first derivative of -1 - f + 12*f**4 + 1/2*f**2 + 0*f**3. Let o be r(1). What is the highest common divisor of o and 32?
16
Let h = 36 + -21. Let a(k) = 4*k - 3. Let m(x) = -1. Let b(p) = -3*a(p) + 6*m(p). Let d be b(-6). What is the highest common divisor of h and d?
15
Let h(j) = -14 - 5*j**2 - 8*j**2 + j**3 + 3*j + 3*j**2. Let g be (1 + -31)*2/(-6). Let w be h(g). What is the greatest common divisor of w and 24?
8
Let c(a) = a**2 + 3*a + 3. Let g be c(-3). Let p = 127 + -53. Suppose -g*q = -10 - p. Calculate the highest common factor of 14 and q.
14
Let k(w) = -w**2 - 12*w - 4. Let t be k(-13). Let p = -5 - t. What is the highest common divisor of p and 30?
6
Let d = 29 + -65. Let k = d - -76. Calculate the greatest common divisor of k and 16.
8
Let c = 171 + -99. What is